d + 6. Let c be f(-3). Suppose -c = -3*v + 27. List the prime factors of v.
2, 7
Let b = 90 + -63. What are the prime factors of (-2)/(-4)*-2 + b?
2, 13
Let d = -21 - -22. List the prime factors of -2 + d*(90 - -1).
89
What are the prime factors of ((-4)/3)/(-5*(-8)/(-300))?
2, 5
Let m(o) = o**2 + 2*o + 1. Let t be m(-3). Suppose 132 = 2*f - 3*v, 2*f + 316 = 7*f - t*v. List the prime factors of f.
2, 3, 5
Suppose 12 = -0*o + 3*o. Let s be (0 - o/6)*6. What are the prime factors of (11 + -46)*s/10?
2, 7
Let f be 708/15 - (-8)/(-40). Let d = f - 20. What are the prime factors of d?
3
Suppose 0 = -15*n + 11698 + 737. List the prime factors of n.
829
Let m(q) = -q + 19. Let u be m(10). Suppose 5*l + u = 29. Suppose -2*n = l*n - 138. List the prime factors of n.
23
Let j be ((-3)/(-2))/((-3)/6). Let m = j + 5. Suppose 6*g - 152 = m*g. List the prime factors of g.
2, 19
Let y(a) = -a + 6. Let b be y(4). Suppose -b*z + 4*r + 24 = 2*r, 5*r = -2*z + 52. Let j = 27 - z. List the prime factors of j.
11
Suppose 2*s - 292 - 498 = 0. What are the prime factors of s?
5, 79
Let s be (-2)/((-6)/21)*-4. Let g be -6 + 3 + s + 2. Let l = g + 40. List the prime factors of l.
11
Let a(y) = -y + 11. Let z be a(9). List the prime factors of 260/15 + z - 4/(-6).
2, 5
Let w(x) = x**2 - 5*x - 2. Let p be w(6). Suppose 1 = -3*b + p. Let g = 13 + b. What are the prime factors of g?
2, 7
Let x = 6413 - 3301. List the prime factors of x.
2, 389
List the prime factors of 510 + (9 - 36/9).
5, 103
Suppose -4*i + 7 + 1 = 0. Let p(u) = u**2 - u + 80. Let y be p(0). Suppose -i*l = -7*l + y. List the prime factors of l.
2
Suppose v - 7 = -1. Let y(g) be the first derivative of -g**2/2 + 13*g + 3. What are the prime factors of y(v)?
7
Let s = -8 - -34. Suppose 5*n - s - 24 = 0. Suppose n*z - 210 = 5*z. What are the prime factors of z?
2, 3, 7
Let w = -3 - -8. Suppose -2*s + 5*r + 320 = -0*s, -3*r - 781 = -w*s. List the prime factors of s.
5, 31
Let n = 115 + -43. Let l = 2 + 1. Suppose l*q + p - n = 0, 49 = 4*q - 4*p - 31. What are the prime factors of q?
23
Let v(i) = -i**3 - 6*i**2 - 5*i + 7. Let k be v(-5). Let z be ((-2)/(-7))/(2/14). Suppose -z*b + k*b - 80 = 0. What are the prime factors of b?
2
Suppose -u = -6*u + 5*y + 30, 3*y - 2 = -u. Suppose -u*h + h = -36. Suppose 2*s - h = s. List the prime factors of s.
3
Suppose -5*j - 5*q + 60 = 0, -2*q - 60 = -4*j - 0*j. List the prime factors of ((-130)/35*10)/((-2)/j).
2, 5, 13
Suppose -2*g = -5*n - 721, 1215 = 4*g + 3*n - 188. List the prime factors of g.
353
Let h be 0 - 0/3 - -48. Let n = -19 + h. What are the prime factors of n?
29
List the prime factors of (-6)/((-2)/(-296)*-2).
2, 3, 37
Suppose -2*t + 3*i = -3 - 7, -5*i + 10 = 2*t. Suppose -t*h + 13 = 3. List the prime factors of (36 - 0) + h - 1.
37
Let z = 55 - 53. Suppose 0*y = 5*y + 3*b - 530, 2*y + z*b - 216 = 0. What are the prime factors of y?
103
Let k = -10435 + 15202. List the prime factors of k.
3, 7, 227
Suppose 0 = 16*r - 21*r + 170. Suppose 39*x - r*x - 130 = 0. What are the prime factors of x?
2, 13
Let m(b) = b**2 + 5*b - 14. Let s be m(-12). Suppose k - 181 = -5*r - s, 4*k - 359 = -3*r. List the prime factors of k.
2, 43
Suppose -9*t + 10*t = -44. List the prime factors of 3/(-36)*t*2*18.
2, 3, 11
Let t be 107/4 + 8/32. Suppose -w = -5*c - t, w + c = -0*w - 3. Suppose w*u - u - 13 = 0. What are the prime factors of u?
13
Suppose 0 = 2*b - 3*b + 516. What are the prime factors of 9/(b/102 + -5)?
3, 17
Suppose -3*j + 0*j = 0, -3*j = 3*t. Suppose t = -4*o + 485 - 53. What are the prime factors of o?
2, 3
Suppose -y + 71 = 4*x - 86, 0 = y + 3. What are the prime factors of x?
2, 5
List the prime factors of 11*(-10)/(-110)*2451.
3, 19, 43
Let m(g) = g**2 + g - 1. Let t(o) = 4*o**2 - 6*o + 5. Let v(u) = -5*m(u) + t(u). Let a be v(-10). Suppose 14*k - a = 10*k. What are the prime factors of k?
5
Let d = -10 - -13. Let v(m) = -3*m + 3 + d*m + 9 + 2*m. List the prime factors of v(-5).
2
Let o = 1965 - 928. List the prime factors of o.
17, 61
Let l be 15/(-20)*-2*-6. What are the prime factors of (-7)/(-3) - (-3)/l?
2
Suppose -2*u + 4850 = 18*f - 13*f, -2*f + 1946 = 2*u. What are the prime factors of f?
2, 11
Suppose -47 = -r - 44. Suppose k + j = 2*j + 258, 2*k - r*j - 521 = 0. What are the prime factors of k?
11, 23
Let b(s) = s**3 - 2*s**2 - 5*s + 6. Let r be b(3). Suppose 3*p - 2*x = -r*x + 892, -4*p = x - 1182. What are the prime factors of p?
2, 37
Let f(n) = 3*n - 5. Let d be f(4). Suppose 2*p - d*p + 100 = 0. Suppose 2*c - p = 54. List the prime factors of c.
37
Let z(n) = -2*n**3 + n**2 - n - 4. Let v be z(-4). Let p(b) = b**2 + 3*b - 204. Let f be p(13). Suppose 0 = 5*h - v + f. What are the prime factors of h?
2, 7
Let t be -363*(1 + (-8)/6). Suppose -4*i = 2*m - 7*m - t, m = -1. List the prime factors of i.
29
Suppose 0 = -3*y - a + 25, 5 = -2*a + a. List the prime factors of -2*(-25)/y - -256.
3, 29
Suppose 45 = -7*u + 8*u. Suppose -50*j = -u*j - 765. What are the prime factors of j?
3, 17
Let u = 18 - 15. Suppose 0*g = u*g. List the prime factors of (g + -2)*90/(-12).
3, 5
Let b(p) = 18*p**2 + 7*p - 98. What are the prime factors of b(-11)?
2003
Suppose 20 = -2*b - 8. Let l = 33 - b. List the prime factors of l.
47
Let t(u) = 23*u**3 + 4*u**2 + 7*u + 5. Let d be t(-2). Let q = 272 + d. What are the prime factors of q?
5, 19
Let j be (-7)/(-21) - (-22)/6. Suppose -3*r + 10 = -q, 2*r + 1 = -q - j. List the prime factors of (-2)/q + (-330)/(-21).
2
What are the prime factors of (-74 - -10)*(-4 + -1)?
2, 5
Let u(b) = 24*b + 64. What are the prime factors of u(10)?
2, 19
Let b = -6 - -8. Suppose -5*f - 21 = 3*h, f + b*h + 12 = 4*h. List the prime factors of f*(-4)/6*4.
2
Let o(z) be the third derivative of 4*z**5/3 + z**4/8 + z**3/2 + 2*z**2. List the prime factors of o(-1).
2, 5
Let v be (-16)/(-12)*(-1467)/(-6). Let i be v/14 - 2/7. Let h = -12 + i. What are the prime factors of h?
11
Let w = 8 + -6. Suppose w*l - 5 = 43. What are the prime factors of l?
2, 3
Suppose 4*h - 8044 = -2*s, 4*h - 2513 = -s + 5533. What are the prime factors of h?
2, 503
Suppose 0 = 33*a - 46161 + 5109. List the prime factors of a.
2, 311
Let b(p) = -13*p + 262. Let q(j) = 9*j - 175. Let u(s) = 5*b(s) + 7*q(s). What are the prime factors of u(0)?
5, 17
Let c = 1568 - 705. List the prime factors of c.
863
Suppose 0 = 2*t + 5 - 21. Suppose 4*l - 14 = -2*r + l, 0 = -r - 2*l + t. List the prime factors of r.
2
Let n = -626 - -970. List the prime factors of n.
2, 43
Let t(a) = 7*a + 12. Let u be t(-8). Let f = -36 - u. What are the prime factors of f?
2
Suppose -s = t + s - 5, -4*t + 4*s - 40 = 0. Let c = t - -10. Suppose c*n + 3*y = 317, -y = n + 19 - 82. What are the prime factors of n?
2
Let v be (-190)/(-10) + (-1 - 0). Suppose -3*q - 3*g + v = 0, 0 = -3*q + g - 2 + 28. List the prime factors of q.
2
Suppose 183*d = 198*d - 46515. What are the prime factors of d?
7, 443
Let j = 69 + -34. Let n = 19 - j. Let p = n - -30. List the prime factors of p.
2, 7
Let w(u) = 18*u**3 + u**2 + 3*u + 2. Let h = -2 - -1. Let a be w(h). Let l = a - -53. What are the prime factors of l?
5, 7
Let y = -4 - 0. Let f be 4/16 - (-13)/y. What are the prime factors of 0*f/(-12) - -17?
17
Let b be (-2)/((-7)/(273/(-6))). Let q = 17 + b. Suppose 3*k - 3*z - 50 - 61 = 0, 0 = -5*k - q*z + 221. What are the prime factors of k?
41
Let s(a) = -a**2 + 4*a + 6. Let z be s(7). Let t = 32 + z. Let p = t - 14. List the prime factors of p.
3
Let q = 40 + -38. Suppose -q*c = 41 - 143. List the prime factors of c.
3, 17
Let s = 992 + 146. What are the prime factors of s?
2, 569
Suppose 5*k + 9 = -4*o, -k + 2 + 5 = 3*o. Let v(d) = d**2 - 2*d - 7. Let q be v(5). Suppose -o*m + q*m = 44. List the prime factors of m.
11
Let j be 2/(-15) + 56982/90. Suppose 3*z = -156 + j. List the prime factors of z.
3, 53
Let c be 2*(5/10 - 1). List the prime factors of (-15)/12*24/c.
2, 3, 5
Let j be (9/(-18))/((-2)/84). List the prime factors of ((-742)/j)/((-2)/3).
53
Let o = 4 + 2. Let y(i) = 1 + o*i + 1 - 3*i - 7. What are the prime factors of y(5)?
2, 5
Let b be 0 - (-5)/(-4 + -1). List the prime factors of 90 + (b + 3)*1.
2, 23
Let b = 100 - 94. What are the prime factors of ((-33)/b)/((-2)/28)?
7, 11
Let o(s) = -592*s**2 + 2